{"id":8912,"date":"2025-06-16T11:57:12","date_gmt":"2025-06-16T11:57:12","guid":{"rendered":"https:\/\/web-demo2.com.tr\/automaster\/?post_type=product&#038;p=8912"},"modified":"2025-06-16T11:57:12","modified_gmt":"2025-06-16T11:57:12","slug":"hizli-cila","status":"publish","type":"product","link":"https:\/\/web-demo2.com.tr\/automaster\/product\/hizli-cila\/","title":{"rendered":"H\u0131zl\u0131 Cila"},"content":{"rendered":"","protected":false},"excerpt":{"rendered":"<p>Ara\u00e7 y\u0131kand\u0131ktan sonra, kil uygulamas\u0131 yap\u0131l\u0131r ve ard\u0131ndan cila spreyi p\u00fcsk\u00fcrt\u00fcl\u00fcr.<\/p>\n","protected":false},"featured_media":8922,"comment_status":"open","ping_status":"closed","template":"","meta":[],"product_brand":[],"product_cat":[15],"product_tag":[],"class_list":{"0":"post-8912","1":"product","2":"type-product","3":"status-publish","4":"has-post-thumbnail","6":"product_cat-boya-koruma","8":"first","9":"instock","10":"shipping-taxable","11":"product-type-simple"},"_links":{"self":[{"href":"https:\/\/web-demo2.com.tr\/automaster\/wp-json\/wp\/v2\/product\/8912","targetHints":{"allow":["GET"]}}],"collection":[{"href":"https:\/\/web-demo2.com.tr\/automaster\/wp-json\/wp\/v2\/product"}],"about":[{"href":"https:\/\/web-demo2.com.tr\/automaster\/wp-json\/wp\/v2\/types\/product"}],"replies":[{"embeddable":true,"href":"https:\/\/web-demo2.com.tr\/automaster\/wp-json\/wp\/v2\/comments?post=8912"}],"wp:featuredmedia":[{"embeddable":true,"href":"https:\/\/web-demo2.com.tr\/automaster\/wp-json\/wp\/v2\/media\/8922"}],"wp:attachment":[{"href":"https:\/\/web-demo2.com.tr\/automaster\/wp-json\/wp\/v2\/media?parent=8912"}],"wp:term":[{"taxonomy":"product_brand","embeddable":true,"href":"https:\/\/web-demo2.com.tr\/automaster\/wp-json\/wp\/v2\/product_brand?post=8912"},{"taxonomy":"product_cat","embeddable":true,"href":"https:\/\/web-demo2.com.tr\/automaster\/wp-json\/wp\/v2\/product_cat?post=8912"},{"taxonomy":"product_tag","embeddable":true,"href":"https:\/\/web-demo2.com.tr\/automaster\/wp-json\/wp\/v2\/product_tag?post=8912"}],"curies":[{"name":"wp","href":"https:\/\/api.w.org\/{rel}","templated":true}]}}